{"id":3235,"date":"2024-06-27T11:56:25","date_gmt":"2024-06-27T11:56:25","guid":{"rendered":"https:\/\/elburgo-burgelu.eus\/gorosti-taldea\/"},"modified":"2024-11-26T12:51:00","modified_gmt":"2024-11-26T12:51:00","slug":"gorosti-taldea","status":"publish","type":"page","link":"https:\/\/elburgo-burgelu.eus\/eu\/gorosti-taldea\/","title":{"rendered":"Gorosti Taldea"},"content":{"rendered":"\t\t<div data-elementor-type=\"wp-page\" data-elementor-id=\"3235\" class=\"elementor elementor-3235 elementor-2212\" data-elementor-post-type=\"page\">\n\t\t\t\t\t\t<section class=\"elementor-section elementor-top-section elementor-element elementor-element-0cc7ee8 elementor-section-full_width elementor-section-height-default elementor-section-height-default\" data-id=\"0cc7ee8\" data-element_type=\"section\">\n\t\t\t\t\t\t<div class=\"elementor-container elementor-column-gap-default\">\n\t\t\t\t\t<div class=\"elementor-column elementor-col-100 elementor-top-column elementor-element elementor-element-46244cf\" data-id=\"46244cf\" data-element_type=\"column\">\n\t\t\t<div class=\"elementor-widget-wrap elementor-element-populated\">\n\t\t\t\t\t\t<div class=\"elementor-element elementor-element-836e649 elementor-widget elementor-widget-whitehall_department_details\" data-id=\"836e649\" data-element_type=\"widget\" data-widget_type=\"whitehall_department_details.default\">\n\t\t\t\t<div class=\"elementor-widget-container\">\n\t\t\t        \n        <!-- department-details -->\n        <section class=\"department-details bg-color-1 sec-pad-2\">\n            <div class=\"auto-container\">\n                <div class=\"row clearfix\">\n                    <div class=\"col-lg-8 col-md-12 col-sm-12 content-side\">\n                        <div class=\"department-details-content\">\n\t\t\t\t\t\t\t                            <div class=\"upper-image\">\n                                <figure class=\"image\"><img decoding=\"async\" src=\"https:\/\/elburgo-burgelu.eus\/wp-content\/uploads\/2024\/06\/r_01.jpg\" alt=\"Awesome Image\"><\/figure>\n                            <\/div>\n\t\t\t\t\t\t\t\t\t\t\t\t\t\t\n                            <div class=\"text\">\n                                <h3>Gorosti Taldea<\/h3>\n                                <p>En octubre de 2002 el Ayuntamiento a propuesta de una vecina del Municipio pone en marcha un Taller de Belenistas conducido por el Maestro Jose Antonio Morles\u00edn, para ense\u00f1ar la t\u00e9cnica de realizaci\u00f3n de edificios con polisp\u00e1n y se expone en las Navidades del 2002 con las figuras que son cedidas por esta vecina. Se inicia con 4 personas. Ante el inter\u00e9s generado y la incorporaci\u00f3n al grupo de varias personas m\u00e1s, se propone un Taller para realizar un diorama con los edificios m\u00e1s emblem\u00e1ticos de los pueblos del Municipio. <br><br>\n\nSurge as\u00ed el \"Grupo de Belenistas del Municipio de Elburgo\" que durante estos a\u00f1os ha dedicado su tiempo a la creaci\u00f3n de diversos nacimientos que han sido expuestos en todos los pueblos del Municipio y actualmente se encuentran ubicados en la Iglesia de A\u00f1ua donde pueden ser visitados. Desde el Ayuntamiento se valora muy interesante el mantener este Grupo por las aportaciones que han realizado al Municipio y al resto del vecindario, tanto por los trabajos realizados como por ser un referente de personas que aportan su tiempo y su trabajo para enriquecer el patrimonio de nuestra comunidad. Se propone la continuidad con un nuevo proyecto y pasa a denominarse por decisi\u00f3n del grupo: GOROSTI TALDEA Los mi\u00e9rcoles de 18,30 a 20,30 h. el Grupo Gorosti compuesto por hombres y mujeres de diferentes edades y dirigido por el Maestro Jose Antonio Morlesin trabajan en equipo por un objetivo com\u00fan. <br><br>\n\nNo se llevan \"nada\" a casa, pero aprenden nuevas t\u00e9cnicas y tienen una gran satisfacci\u00f3n por el legado que est\u00e1n dejando as\u00ed como por el reconocimiento de los vecinos y vecinas del Municipio y visitantes de este trabajo. Tambi\u00e9n se llevan una experiencia de amistad y muy buenos ratos. Si quieres conocer a este grupo los mi\u00e9rcoles de 18,30h. a 20,30 h. puedes pasarte por la 1\u00aa planta del Ayuntamiento viejo de Elburgo en Avda. Burgelu n\u00ba 17\n\n\n<\/p>\n                            <\/div>\n\t\t\t\t\t\t\t\n\t\t\t\t\t\t\t                            <div class=\"discription-box centred\">\n                                <div class=\"two-column-carousel owl-carousel owl-theme owl-nav-none\">\n                                    \t\t\t\t\t\t\t\t\t<div class=\"single-item\">\n                                        <div class=\"inner-box\">\n                                            <figure class=\"image-box\"><img decoding=\"async\" src=\"https:\/\/elburgo-burgelu.eus\/wp-content\/uploads\/2024\/06\/escudoelburgo-1.png\" alt=\"Awesome Image\"><\/figure>\n                                            <h5>HORARIO ATENCI\u00d3N AL P\u00daBLICO<BR>Lunes a Viernes de 8:30 a 14:30h.<\/h5>\n                                        <\/div>\n                                        <div class=\"overlay-content\">\n                                            <figure class=\"image-box\"><img decoding=\"async\" src=\"https:\/\/elburgo-burgelu.eus\/wp-content\/uploads\/2024\/06\/escudoelburgo-1.png\" alt=\"Awesome Image\"><\/figure>\n                                            <p>Lunes a Viernes de 8:30 a 14:30h.<\/p>\n                                        <\/div>\n                                    <\/div>\n                                    \t\t\t\t\t\t\t\t\t<div class=\"single-item\">\n                                        <div class=\"inner-box\">\n                                            <figure class=\"image-box\"><img decoding=\"async\" src=\"https:\/\/elburgo-burgelu.eus\/wp-content\/uploads\/2024\/06\/escudoelburgo-1.png\" alt=\"Awesome Image\"><\/figure>\n                                            <h5>CONTACTO TELEF\u00d3NICO<BR>945 42 07 13<\/h5>\n                                        <\/div>\n                                        <div class=\"overlay-content\">\n                                            <figure class=\"image-box\"><img decoding=\"async\" src=\"https:\/\/elburgo-burgelu.eus\/wp-content\/uploads\/2024\/06\/escudoelburgo-1.png\" alt=\"Awesome Image\"><\/figure>\n                                            <p>945 42 07 13<\/p>\n                                        <\/div>\n                                    <\/div>\n                                                                    <\/div>\n                            <\/div>\n\t\t\t\t\t\t\t\t\t\t\t\t\t\t\n\t\t\t\t\t\t\t                            <div class=\"highlights-box\">\n                                <div class=\"single-item-carousel owl-carousel owl-theme owl-dots-none\">\n                                                                        <div class=\"row clearfix\">\n                                        <div class=\"col-lg-6 col-md-6 col-sm-12 image-column\">\n                                            <div class=\"image-box\">\n                                                <figure class=\"image\"><img decoding=\"async\" src=\"https:\/\/elburgo-burgelu.eus\/wp-content\/uploads\/2021\/06\/highlights-1.png\" alt=\"Awesome Image\"><\/figure>\n                                                <div class=\"icon-box\"><i class=\"icon flaticon-map\"><\/i><\/div>\n                                            <\/div>\n                                        <\/div>\n                                        <div class=\"col-lg-6 col-md-6 col-sm-12 text-column\">\n                                            <div class=\"text\">\n                                                <h3>Nuestros pueblos<\/h3>\n                                                <p><\/p>\n\t\t\t\t\t\t\t\t\t\t\t\t\n\t\t\t\t\t\t\t\t\t\t\t\t                                                <ul class=\"list clearfix\">\n\t\t\t\t\t\t\t\t\t\t\t\t\t                                                    <li><i class=\"flaticon-bird\"><\/i>Arg\u00f3maniz<\/li>\n\t\t\t\t\t\t\t\t\t\t\t\t\t                                                    <li><i class=\"flaticon-bird\"><\/i>Gazeta<\/li>\n\t\t\t\t\t\t\t\t\t\t\t\t\t                                                    <li><i class=\"flaticon-bird\"><\/i>Hijona<\/li>\n\t\t\t\t\t\t\t\t\t\t\t\t\t                                                    <li><i class=\"flaticon-bird\"><\/i>Az\u00faa<\/li>\n\t\t\t\t\t\t\t\t\t\t\t\t\t                                                    <li><i class=\"flaticon-bird\"><\/i>A\u00f1ua<\/li>\n\t\t\t\t\t\t\t\t\t\t\t\t\t                                                    <li><i class=\"flaticon-bird\"><\/i>Arbulu<\/li>\n\t\t\t\t\t\t\t\t\t\t\t\t\t                                                    <li><i class=\"flaticon-bird\"><\/i>Elburgo<\/li>\n\t\t\t\t\t\t\t\t\t\t\t\t\t                                                <\/ul>\n\t\t\t\t\t\t\t\t\t\t\t\t\t\t\t\t\t\t\t\t\t\t\t\t\n\t\t\t\t\t\t\t\t\t\t\t\t                                                <a href=\"#\">Conocer nuestros pueblos<i class=\"flaticon-right-arrow\"><\/i><\/a>\n\t\t\t\t\t\t\t\t\t\t\t\t                                            <\/div>\n                                        <\/div>\n                                    <\/div>\n                                                                        <div class=\"row clearfix\">\n                                        <div class=\"col-lg-6 col-md-6 col-sm-12 image-column\">\n                                            <div class=\"image-box\">\n                                                <figure class=\"image\"><img decoding=\"async\" src=\"https:\/\/elburgo-burgelu.eus\/wp-content\/uploads\/2021\/06\/highlights-1.png\" alt=\"Awesome Image\"><\/figure>\n                                                <div class=\"icon-box\"><i class=\"icon flaticon-bridge\"><\/i><\/div>\n                                            <\/div>\n                                        <\/div>\n                                        <div class=\"col-lg-6 col-md-6 col-sm-12 text-column\">\n                                            <div class=\"text\">\n                                                <h3>Patrimonio<\/h3>\n                                                <p>En nuestros n\u00facleos contamos con bellos edificios cuya historia y arquitectura son dignos de rese\u00f1ar.<\/p>\n\t\t\t\t\t\t\t\t\t\t\t\t\n\t\t\t\t\t\t\t\t\t\t\t\t\t\t\t\t\t\t\t\t\t\t\t\t\n\t\t\t\t\t\t\t\t\t\t\t\t                                                <a href=\"#\">nuestro patrimonio<i class=\"flaticon-right-arrow\"><\/i><\/a>\n\t\t\t\t\t\t\t\t\t\t\t\t                                            <\/div>\n                                        <\/div>\n                                    <\/div>\n                                                                        <div class=\"row clearfix\">\n                                        <div class=\"col-lg-6 col-md-6 col-sm-12 image-column\">\n                                            <div class=\"image-box\">\n                                                <figure class=\"image\"><img decoding=\"async\" src=\"https:\/\/elburgo-burgelu.eus\/wp-content\/uploads\/2021\/06\/highlights-1.png\" alt=\"Awesome Image\"><\/figure>\n                                                <div class=\"icon-box\"><i class=\"fa fa-city\"><\/i><\/div>\n                                            <\/div>\n                                        <\/div>\n                                        <div class=\"col-lg-6 col-md-6 col-sm-12 text-column\">\n                                            <div class=\"text\">\n                                                <h3>Edificios con historia<\/h3>\n                                                <p>Todo aquello por lo que el tiempo pasa, genera su propia historia. Paseando por nuestro municipio podemos ver que la historia tambi\u00e9n a nosotros nos ha dejado su firma. Tenemos edificios civiles y religiosos, pero tambi\u00e9n existen restos de lo que antes fue algo de valor e importancia para el que vivi\u00f3 en aquella \u00e9poca y que nos ayuda a conocer mejor el entorno en el que vivimos.<\/p>\n\t\t\t\t\t\t\t\t\t\t\t\t\n\t\t\t\t\t\t\t\t\t\t\t\t\t\t\t\t\t\t\t\t\t\t\t\t\n\t\t\t\t\t\t\t\t\t\t\t\t                                                <a href=\"#\">nuestra historia<i class=\"flaticon-right-arrow\"><\/i><\/a>\n\t\t\t\t\t\t\t\t\t\t\t\t                                            <\/div>\n                                        <\/div>\n                                    <\/div>\n                                                                    <\/div>\n                            <\/div>\n\t\t\t\t\t\t\t\t\t\t\t\t\t\t\n\t\t\t\t\t\t\t                            <div class=\"download-box\">\n                                <h3>Horarios<\/h3>\n                                <ul class=\"download-list clearfix\">\n                                    \t\t\t\t\t\t\t\t\t<li>\n                                        <div class=\"icon-box\"><img decoding=\"async\" src=\"https:\/\/elburgo-burgelu.eus\/wp-content\/uploads\/2021\/05\/icon-1.png\" alt=\"Icon\"><\/div>\n                                        <h5>Horario atenci\u00f3n a la ciudadan\u00eda<\/h5>\n                                        <span>pdf (14 mb)<\/span>\n\t\t\t\t\t\t\t\t\t\t\n\t\t\t\t\t\t\t\t\t\t                                        <a href=\"#\">Descargar<\/a>\n\t\t\t\t\t\t\t\t\t\t                                    <\/li>\n                                                                    <\/ul>\n                            <\/div>\n\t\t\t\t\t\t\t                        <\/div>\n                    <\/div>\n\t\t\t\t\t\n                    <div class=\"col-lg-4 col-md-12 col-sm-12 sidebar-side\">\n                        <div class=\"department-sidebar\">\n                                                    <\/div>\n                    <\/div>\n                <\/div>\n            <\/div>\n        <\/section>\n        <!-- department-details end -->\n\n        \t\t<\/div>\n\t\t\t\t<\/div>\n\t\t\t\t\t<\/div>\n\t\t<\/div>\n\t\t\t\t\t<\/div>\n\t\t<\/section>\n\t\t\t\t<\/div>\n\t\t","protected":false},"excerpt":{"rendered":"<p>Gorosti Taldea En octubre de 2002 el Ayuntamiento a propuesta de una vecina del Municipio pone en marcha un Taller de Belenistas conducido por el Maestro Jose Antonio Morles\u00edn, para [&hellip;]<\/p>\n","protected":false},"author":3,"featured_media":0,"parent":0,"menu_order":0,"comment_status":"closed","ping_status":"closed","template":"tpl-default-elementor.php","meta":{"_monsterinsights_skip_tracking":false,"_monsterinsights_sitenote_active":false,"_monsterinsights_sitenote_note":"","_monsterinsights_sitenote_category":0,"footnotes":""},"class_list":["post-3235","page","type-page","status-publish","hentry"],"_links":{"self":[{"href":"https:\/\/elburgo-burgelu.eus\/eu\/wp-json\/wp\/v2\/pages\/3235","targetHints":{"allow":["GET"]}}],"collection":[{"href":"https:\/\/elburgo-burgelu.eus\/eu\/wp-json\/wp\/v2\/pages"}],"about":[{"href":"https:\/\/elburgo-burgelu.eus\/eu\/wp-json\/wp\/v2\/types\/page"}],"author":[{"embeddable":true,"href":"https:\/\/elburgo-burgelu.eus\/eu\/wp-json\/wp\/v2\/users\/3"}],"replies":[{"embeddable":true,"href":"https:\/\/elburgo-burgelu.eus\/eu\/wp-json\/wp\/v2\/comments?post=3235"}],"version-history":[{"count":1,"href":"https:\/\/elburgo-burgelu.eus\/eu\/wp-json\/wp\/v2\/pages\/3235\/revisions"}],"predecessor-version":[{"id":3236,"href":"https:\/\/elburgo-burgelu.eus\/eu\/wp-json\/wp\/v2\/pages\/3235\/revisions\/3236"}],"wp:attachment":[{"href":"https:\/\/elburgo-burgelu.eus\/eu\/wp-json\/wp\/v2\/media?parent=3235"}],"curies":[{"name":"wp","href":"https:\/\/api.w.org\/{rel}","templated":true}]}}

<div data-elementor-type="wp-page" data-elementor-id="3235" class="elementor elementor-3235 elementor-2212" data-elementor-post-type="page">
						<section class="elementor-section elementor-top-section elementor-element elementor-element-0cc7ee8 elementor-section-full_width elementor-section-height-default elementor-section-height-default" data-id="0cc7ee8" data-element_type="section">
						<div class="elementor-container elementor-column-gap-default">
					<div class="elementor-column elementor-col-100 elementor-top-column elementor-element elementor-element-46244cf" data-id="46244cf" data-element_type="column">
			<div class="elementor-widget-wrap elementor-element-populated">
						<div class="elementor-element elementor-element-836e649 elementor-widget elementor-widget-whitehall_department_details" data-id="836e649" data-element_type="widget" data-widget_type="whitehall_department_details.default">
				<div class="elementor-widget-container">
			        
        <!-- department-details -->
        <section class="department-details bg-color-1 sec-pad-2">
            <div class="auto-container">
                <div class="row clearfix">
                    <div class="col-lg-8 col-md-12 col-sm-12 content-side">
                        <div class="department-details-content">
							                            <div class="upper-image">
                                <figure class="image"><img decoding="async" src="https://elburgo-burgelu.eus/wp-content/uploads/2024/06/r_01.jpg" alt="Awesome Image"></figure>
                            </div>
														
                            <div class="text">
                                <h3>Gorosti Taldea</h3>
                                <p>En octubre de 2002 el Ayuntamiento a propuesta de una vecina del Municipio pone en marcha un Taller de Belenistas conducido por el Maestro Jose Antonio Morlesín, para enseñar la técnica de realización de edificios con polispán y se expone en las Navidades del 2002 con las figuras que son cedidas por esta vecina. Se inicia con 4 personas. Ante el interés generado y la incorporación al grupo de varias personas más, se propone un Taller para realizar un diorama con los edificios más emblemáticos de los pueblos del Municipio. <br><br>

Surge así el "Grupo de Belenistas del Municipio de Elburgo" que durante estos años ha dedicado su tiempo a la creación de diversos nacimientos que han sido expuestos en todos los pueblos del Municipio y actualmente se encuentran ubicados en la Iglesia de Añua donde pueden ser visitados. Desde el Ayuntamiento se valora muy interesante el mantener este Grupo por las aportaciones que han realizado al Municipio y al resto del vecindario, tanto por los trabajos realizados como por ser un referente de personas que aportan su tiempo y su trabajo para enriquecer el patrimonio de nuestra comunidad. Se propone la continuidad con un nuevo proyecto y pasa a denominarse por decisión del grupo: GOROSTI TALDEA Los miércoles de 18,30 a 20,30 h. el Grupo Gorosti compuesto por hombres y mujeres de diferentes edades y dirigido por el Maestro Jose Antonio Morlesin trabajan en equipo por un objetivo común. <br><br>

No se llevan "nada" a casa, pero aprenden nuevas técnicas y tienen una gran satisfacción por el legado que están dejando así como por el reconocimiento de los vecinos y vecinas del Municipio y visitantes de este trabajo. También se llevan una experiencia de amistad y muy buenos ratos. Si quieres conocer a este grupo los miércoles de 18,30h. a 20,30 h. puedes pasarte por la 1ª planta del Ayuntamiento viejo de Elburgo en Avda. Burgelu nº 17


</p>
                            </div>
							
							                            <div class="discription-box centred">
                                <div class="two-column-carousel owl-carousel owl-theme owl-nav-none">
                                    									<div class="single-item">
                                        <div class="inner-box">
                                            <figure class="image-box"><img decoding="async" src="https://elburgo-burgelu.eus/wp-content/uploads/2024/06/escudoelburgo-1.png" alt="Awesome Image"></figure>
                                            <h5>HORARIO ATENCIÓN AL PÚBLICO<BR>Lunes a Viernes de 8:30 a 14:30h.</h5>
                                        </div>
                                        <div class="overlay-content">
                                            <figure class="image-box"><img decoding="async" src="https://elburgo-burgelu.eus/wp-content/uploads/2024/06/escudoelburgo-1.png" alt="Awesome Image"></figure>
                                            <p>Lunes a Viernes de 8:30 a 14:30h.</p>
                                        </div>
                                    </div>
                                    									<div class="single-item">
                                        <div class="inner-box">
                                            <figure class="image-box"><img decoding="async" src="https://elburgo-burgelu.eus/wp-content/uploads/2024/06/escudoelburgo-1.png" alt="Awesome Image"></figure>
                                            <h5>CONTACTO TELEFÓNICO<BR>945 42 07 13</h5>
                                        </div>
                                        <div class="overlay-content">
                                            <figure class="image-box"><img decoding="async" src="https://elburgo-burgelu.eus/wp-content/uploads/2024/06/escudoelburgo-1.png" alt="Awesome Image"></figure>
                                            <p>945 42 07 13</p>
                                        </div>
                                    </div>
                                                                    </div>
                            </div>
														
							                            <div class="highlights-box">
                                <div class="single-item-carousel owl-carousel owl-theme owl-dots-none">
                                                                        <div class="row clearfix">
                                        <div class="col-lg-6 col-md-6 col-sm-12 image-column">
                                            <div class="image-box">
                                                <figure class="image"><img decoding="async" src="https://elburgo-burgelu.eus/wp-content/uploads/2021/06/highlights-1.png" alt="Awesome Image"></figure>
                                                <div class="icon-box"><i class="icon flaticon-map"></i></div>
                                            </div>
                                        </div>
                                        <div class="col-lg-6 col-md-6 col-sm-12 text-column">
                                            <div class="text">
                                                <h3>Nuestros pueblos</h3>
                                                <p></p>
												
												                                                <ul class="list clearfix">
													                                                    <li><i class="flaticon-bird"></i>Argómaniz</li>
													                                                    <li><i class="flaticon-bird"></i>Gazeta</li>
													                                                    <li><i class="flaticon-bird"></i>Hijona</li>
													                                                    <li><i class="flaticon-bird"></i>Azúa</li>
													                                                    <li><i class="flaticon-bird"></i>Añua</li>
													                                                    <li><i class="flaticon-bird"></i>Arbulu</li>
													                                                    <li><i class="flaticon-bird"></i>Elburgo</li>
													                                                </ul>
																								
												                                                <a href="#">Conocer nuestros pueblos<i class="flaticon-right-arrow"></i></a>
												                                            </div>
                                        </div>
                                    </div>
                                                                        <div class="row clearfix">
                                        <div class="col-lg-6 col-md-6 col-sm-12 image-column">
                                            <div class="image-box">
                                                <figure class="image"><img decoding="async" src="https://elburgo-burgelu.eus/wp-content/uploads/2021/06/highlights-1.png" alt="Awesome Image"></figure>
                                                <div class="icon-box"><i class="icon flaticon-bridge"></i></div>
                                            </div>
                                        </div>
                                        <div class="col-lg-6 col-md-6 col-sm-12 text-column">
                                            <div class="text">
                                                <h3>Patrimonio</h3>
                                                <p>En nuestros núcleos contamos con bellos edificios cuya historia y arquitectura son dignos de reseñar.</p>
												
																								
												                                                <a href="#">nuestro patrimonio<i class="flaticon-right-arrow"></i></a>
												                                            </div>
                                        </div>
                                    </div>
                                                                        <div class="row clearfix">
                                        <div class="col-lg-6 col-md-6 col-sm-12 image-column">
                                            <div class="image-box">
                                                <figure class="image"><img decoding="async" src="https://elburgo-burgelu.eus/wp-content/uploads/2021/06/highlights-1.png" alt="Awesome Image"></figure>
                                                <div class="icon-box"><i class="fa fa-city"></i></div>
                                            </div>
                                        </div>
                                        <div class="col-lg-6 col-md-6 col-sm-12 text-column">
                                            <div class="text">
                                                <h3>Edificios con historia</h3>
                                                <p>Todo aquello por lo que el tiempo pasa, genera su propia historia. Paseando por nuestro municipio podemos ver que la historia también a nosotros nos ha dejado su firma. Tenemos edificios civiles y religiosos, pero también existen restos de lo que antes fue algo de valor e importancia para el que vivió en aquella época y que nos ayuda a conocer mejor el entorno en el que vivimos.</p>
												
																								
												                                                <a href="#">nuestra historia<i class="flaticon-right-arrow"></i></a>
												                                            </div>
                                        </div>
                                    </div>
                                                                    </div>
                            </div>
														
							                            <div class="download-box">
                                <h3>Horarios</h3>
                                <ul class="download-list clearfix">
                                    									<li>
                                        <div class="icon-box"><img decoding="async" src="https://elburgo-burgelu.eus/wp-content/uploads/2021/05/icon-1.png" alt="Icon"></div>
                                        <h5>Horario atención a la ciudadanía</h5>
                                        <span>pdf (14 mb)</span>
										
										                                        <a href="#">Descargar</a>
										                                    </li>
                                                                    </ul>
                            </div>
							                        </div>
                    </div>
					
                    <div class="col-lg-4 col-md-12 col-sm-12 sidebar-side">
                        <div class="department-sidebar">
                                                    </div>
                    </div>
                </div>
            </div>
        </section>
        <!-- department-details end -->

        		</div>
				</div>
					</div>
		</div>
					</div>
		</section>
				</div>

<p>Gorosti Taldea En octubre de 2002 el Ayuntamiento a propuesta de una vecina del Municipio pone en marcha un Taller de Belenistas conducido por el Maestro Jose Antonio Morlesín, para [&hellip;]</p>
