{"id":3233,"date":"2024-06-27T10:18:16","date_gmt":"2024-06-27T10:18:16","guid":{"rendered":"https:\/\/elburgo-burgelu.eus\/anua\/"},"modified":"2024-11-26T14:51:51","modified_gmt":"2024-11-26T14:51:51","slug":"anua","status":"publish","type":"page","link":"https:\/\/elburgo-burgelu.eus\/eu\/anua\/","title":{"rendered":"A\u00f1ua"},"content":{"rendered":"\t\t<div data-elementor-type=\"wp-page\" data-elementor-id=\"3233\" class=\"elementor elementor-3233 elementor-2143\" data-elementor-post-type=\"page\">\n\t\t\t\t\t\t<section class=\"elementor-section elementor-top-section elementor-element elementor-element-0cc7ee8 elementor-section-full_width elementor-section-height-default elementor-section-height-default\" data-id=\"0cc7ee8\" data-element_type=\"section\">\n\t\t\t\t\t\t<div class=\"elementor-container elementor-column-gap-default\">\n\t\t\t\t\t<div class=\"elementor-column elementor-col-100 elementor-top-column elementor-element elementor-element-46244cf\" data-id=\"46244cf\" data-element_type=\"column\">\n\t\t\t<div class=\"elementor-widget-wrap elementor-element-populated\">\n\t\t\t\t\t\t<div class=\"elementor-element elementor-element-836e649 elementor-widget elementor-widget-whitehall_department_details\" data-id=\"836e649\" data-element_type=\"widget\" data-widget_type=\"whitehall_department_details.default\">\n\t\t\t\t<div class=\"elementor-widget-container\">\n\t\t\t        \n        <!-- department-details -->\n        <section class=\"department-details bg-color-1 sec-pad-2\">\n            <div class=\"auto-container\">\n                <div class=\"row clearfix\">\n                    <div class=\"col-lg-8 col-md-12 col-sm-12 content-side\">\n                        <div class=\"department-details-content\">\n\t\t\t\t\t\t\t                            <div class=\"upper-image\">\n                                <figure class=\"image\"><img decoding=\"async\" src=\"https:\/\/elburgo-burgelu.eus\/wp-content\/uploads\/2024\/06\/05-02-09_0001.jpg\" alt=\"Awesome Image\"><\/figure>\n                            <\/div>\n\t\t\t\t\t\t\t\t\t\t\t\t\t\t\n                            <div class=\"text\">\n                                <h3>A\u00f1ua<\/h3>\n                                <p>A\u00f1ua oharkabean pasa liteke eskualdeko errepide batean dagoenez, baina denborak eraikin ederrak utzi ditu bere muinean: Erdi Aroko Tenplua Andre Mariaren Jaiotzari eskainia (XIII. mendea), Santa Lutziaren ermita, Lazkanoren Etxea (XIII. mendea) . XVII) familiaren armarriarekin......<br><br>\n\nA\u00f1ua herria 564 m-ko altueran dago. Jaiotza eliza erromaniko zaharberritua (XIII. mendea) harlanduzko harria nabarmentzen da, erromesek oso ibiltzen dena; Begibakar zubi erromaniko bat zeharkatuz sartzen da.<br><br>\n\nOinplanoa koruarekin osatzen den bi atal dituen nabea da, presbiterioz eta absidez osatua. Iparraldeko eremuan kapera eta sakristia daude, gaur egun konektaturiko espazioak. Hegoaldean sarbide ataria eta dorrea daude. Edertasun handikoa da XIII. mendeko lau zortzidun eta leiho dituen absidea, erromanikotik gotikorako trantsizioa ikusiz, eta horri arku zorrotzeko leiho eta leiho erromanikoen errepertorio bitxia gehitzen zaio. Motibo apaingarriak askotarikoak dira: landareak, animaliak, gizakiak, monasterioak eta fantastikoak, eta horrek asko aberasten du arkitektura.<br><br>\n\nTenpluaren gainontzeko gorputza Errenazimentuan (Sabih) eraiki zen, erdiko atala eraikita, koruaren bikoitza, eta azken honek oin eremuan, biek ganga nabarmenak dituzte eta haien hormak birjinekin grisaillazko margolanak ageri dira. , itxura errealista duten apostoluak eta santuak. Fatxada XV. mendekoa da eta Otazu-Gebara (edo San Sebastian) ermita XVI. mendekoa, sakristiako espazio zaharra XVII. mendekoa da, dorrea XVI eta XVI . Koruaren barnealdean zaharberritzearen ondoren agerian geratu diren Erdi Aroko margolanen aztarnak gordetzen dira: erretaula nagusia alboko kapera eraman zutenean. Interesgarriak dira, halaber, bataio-pilota, giltzak, hainbat irudi solte eta erretaulak. Erretaula nagusia XVII.mendeko lehen barrokokoa da eta bertako kaleetan San Juanen sagrarioa (beheko gorputza) nantzen irudiak daude kokatuta; San Joakin, Ama Birjina (erdiko tenpluaren burua) eta San Jose (bigarren gorputza), eta Santo Domingo, Kalbarioa eta San Frantzisko (gorputz goikoa). Alboko erretaulak ere, gaur elizaren oinean, XVII. mendekoak dira baina beren langintza barrokoaren soiltasunarekin bat dator eta Errosarioko Ama Birjinari eta Santa Katalinari eskainiak daude. Azkenik, XVI.mendeko obra interesgarri bat Donostiako triptikoa da (gaur egun lehen zegoen kaperaren kanpoaldean, erretaula nagusia bertan sartu zenean). Altzari honek San Sebastianen taila on bat eta santuarekin lotutako lau koadro ditu ateetan.<br><br>\n\nHerrian interes arkitektonikoko hainbat jauregi daude, batzuk mural estilo tradizionalekoak eta beste batzuk XVI. Errota ere badago.<br><br>\n\n\n<\/p>\n                            <\/div>\n\t\t\t\t\t\t\t\n\t\t\t\t\t\t\t                            <div class=\"discription-box centred\">\n                                <div class=\"two-column-carousel owl-carousel owl-theme owl-nav-none\">\n                                    \t\t\t\t\t\t\t\t\t<div class=\"single-item\">\n                                        <div class=\"inner-box\">\n                                            <figure class=\"image-box\"><img decoding=\"async\" src=\"https:\/\/elburgo-burgelu.eus\/wp-content\/uploads\/2024\/06\/escudoelburgo-1.png\" alt=\"Awesome Image\"><\/figure>\n                                            <h5>HORARIO ATENCI\u00d3N AL P\u00daBLICO<BR>Lunes a Viernes de 8:30 a 14:30h.<\/h5>\n                                        <\/div>\n                                        <div class=\"overlay-content\">\n                                            <figure class=\"image-box\"><img decoding=\"async\" src=\"https:\/\/elburgo-burgelu.eus\/wp-content\/uploads\/2024\/06\/escudoelburgo-1.png\" alt=\"Awesome Image\"><\/figure>\n                                            <p>Lunes a Viernes de 8:30 a 14:30h.<\/p>\n                                        <\/div>\n                                    <\/div>\n                                    \t\t\t\t\t\t\t\t\t<div class=\"single-item\">\n                                        <div class=\"inner-box\">\n                                            <figure class=\"image-box\"><img decoding=\"async\" src=\"https:\/\/elburgo-burgelu.eus\/wp-content\/uploads\/2024\/06\/escudoelburgo-1.png\" alt=\"Awesome Image\"><\/figure>\n                                            <h5>CONTACTO TELEF\u00d3NICO<BR>945 42 07 13<\/h5>\n                                        <\/div>\n                                        <div class=\"overlay-content\">\n                                            <figure class=\"image-box\"><img decoding=\"async\" src=\"https:\/\/elburgo-burgelu.eus\/wp-content\/uploads\/2024\/06\/escudoelburgo-1.png\" alt=\"Awesome Image\"><\/figure>\n                                            <p>945 42 07 13<\/p>\n                                        <\/div>\n                                    <\/div>\n                                                                    <\/div>\n                            <\/div>\n\t\t\t\t\t\t\t\t\t\t\t\t\t\t\n\t\t\t\t\t\t\t                            <div class=\"highlights-box\">\n                                <div class=\"single-item-carousel owl-carousel owl-theme owl-dots-none\">\n                                                                        <div class=\"row clearfix\">\n                                        <div class=\"col-lg-6 col-md-6 col-sm-12 image-column\">\n                                            <div class=\"image-box\">\n                                                <figure class=\"image\"><img decoding=\"async\" src=\"https:\/\/elburgo-burgelu.eus\/wp-content\/uploads\/2021\/06\/highlights-1.png\" alt=\"Awesome Image\"><\/figure>\n                                                <div class=\"icon-box\"><i class=\"icon flaticon-map\"><\/i><\/div>\n                                            <\/div>\n                                        <\/div>\n                                        <div class=\"col-lg-6 col-md-6 col-sm-12 text-column\">\n                                            <div class=\"text\">\n                                                <h3>Nuestros pueblos<\/h3>\n                                                <p><\/p>\n\t\t\t\t\t\t\t\t\t\t\t\t\n\t\t\t\t\t\t\t\t\t\t\t\t                                                <ul class=\"list clearfix\">\n\t\t\t\t\t\t\t\t\t\t\t\t\t                                                    <li><i class=\"flaticon-bird\"><\/i>Arg\u00f3maniz<\/li>\n\t\t\t\t\t\t\t\t\t\t\t\t\t                                                    <li><i class=\"flaticon-bird\"><\/i>Gazeta<\/li>\n\t\t\t\t\t\t\t\t\t\t\t\t\t                                                    <li><i class=\"flaticon-bird\"><\/i>Hijona<\/li>\n\t\t\t\t\t\t\t\t\t\t\t\t\t                                                    <li><i class=\"flaticon-bird\"><\/i>Az\u00faa<\/li>\n\t\t\t\t\t\t\t\t\t\t\t\t\t                                                    <li><i class=\"flaticon-bird\"><\/i>A\u00f1ua<\/li>\n\t\t\t\t\t\t\t\t\t\t\t\t\t                                                    <li><i class=\"flaticon-bird\"><\/i>Arbulu<\/li>\n\t\t\t\t\t\t\t\t\t\t\t\t\t                                                    <li><i class=\"flaticon-bird\"><\/i>Elburgo<\/li>\n\t\t\t\t\t\t\t\t\t\t\t\t\t                                                <\/ul>\n\t\t\t\t\t\t\t\t\t\t\t\t\t\t\t\t\t\t\t\t\t\t\t\t\n\t\t\t\t\t\t\t\t\t\t\t\t                                                <a href=\"#\">Conocer nuestros pueblos<i class=\"flaticon-right-arrow\"><\/i><\/a>\n\t\t\t\t\t\t\t\t\t\t\t\t                                            <\/div>\n                                        <\/div>\n                                    <\/div>\n                                                                        <div class=\"row clearfix\">\n                                        <div class=\"col-lg-6 col-md-6 col-sm-12 image-column\">\n                                            <div class=\"image-box\">\n                                                <figure class=\"image\"><img decoding=\"async\" src=\"https:\/\/elburgo-burgelu.eus\/wp-content\/uploads\/2021\/06\/highlights-1.png\" alt=\"Awesome Image\"><\/figure>\n                                                <div class=\"icon-box\"><i class=\"icon flaticon-bridge\"><\/i><\/div>\n                                            <\/div>\n                                        <\/div>\n                                        <div class=\"col-lg-6 col-md-6 col-sm-12 text-column\">\n                                            <div class=\"text\">\n                                                <h3>Patrimonio<\/h3>\n                                                <p>En nuestros n\u00facleos contamos con bellos edificios cuya historia y arquitectura son dignos de rese\u00f1ar.<\/p>\n\t\t\t\t\t\t\t\t\t\t\t\t\n\t\t\t\t\t\t\t\t\t\t\t\t\t\t\t\t\t\t\t\t\t\t\t\t\n\t\t\t\t\t\t\t\t\t\t\t\t                                                <a href=\"#\">nuestro patrimonio<i class=\"flaticon-right-arrow\"><\/i><\/a>\n\t\t\t\t\t\t\t\t\t\t\t\t                                            <\/div>\n                                        <\/div>\n                                    <\/div>\n                                                                        <div class=\"row clearfix\">\n                                        <div class=\"col-lg-6 col-md-6 col-sm-12 image-column\">\n                                            <div class=\"image-box\">\n                                                <figure class=\"image\"><img decoding=\"async\" src=\"https:\/\/elburgo-burgelu.eus\/wp-content\/uploads\/2021\/06\/highlights-1.png\" alt=\"Awesome Image\"><\/figure>\n                                                <div class=\"icon-box\"><i class=\"fa fa-city\"><\/i><\/div>\n                                            <\/div>\n                                        <\/div>\n                                        <div class=\"col-lg-6 col-md-6 col-sm-12 text-column\">\n                                            <div class=\"text\">\n                                                <h3>Edificios con historia<\/h3>\n                                                <p>Todo aquello por lo que el tiempo pasa, genera su propia historia. Paseando por nuestro municipio podemos ver que la historia tambi\u00e9n a nosotros nos ha dejado su firma. Tenemos edificios civiles y religiosos, pero tambi\u00e9n existen restos de lo que antes fue algo de valor e importancia para el que vivi\u00f3 en aquella \u00e9poca y que nos ayuda a conocer mejor el entorno en el que vivimos.<\/p>\n\t\t\t\t\t\t\t\t\t\t\t\t\n\t\t\t\t\t\t\t\t\t\t\t\t\t\t\t\t\t\t\t\t\t\t\t\t\n\t\t\t\t\t\t\t\t\t\t\t\t                                                <a href=\"#\">nuestra historia<i class=\"flaticon-right-arrow\"><\/i><\/a>\n\t\t\t\t\t\t\t\t\t\t\t\t                                            <\/div>\n                                        <\/div>\n                                    <\/div>\n                                                                    <\/div>\n                            <\/div>\n\t\t\t\t\t\t\t\t\t\t\t\t\t\t\n\t\t\t\t\t\t\t                            <div class=\"download-box\">\n                                <h3>Deskargatu<\/h3>\n                                <ul class=\"download-list clearfix\">\n                                    \t\t\t\t\t\t\t\t\t<li>\n                                        <div class=\"icon-box\"><img decoding=\"async\" src=\"https:\/\/elburgo-burgelu.eus\/wp-content\/uploads\/2021\/05\/icon-1.png\" alt=\"Icon\"><\/div>\n                                        <h5>A\u00f1uako eraikin zibilak<\/h5>\n                                        <span>pdf (14 mb)<\/span>\n\t\t\t\t\t\t\t\t\t\t\n\t\t\t\t\t\t\t\t\t\t                                        <a href=\"https:\/\/elburgo-burgelu.eus\/wp-content\/uploads\/2024\/06\/edificios_civiles_-_anua.pdf\">Deskargatu<\/a>\n\t\t\t\t\t\t\t\t\t\t                                    <\/li>\n                                                                    <\/ul>\n                            <\/div>\n\t\t\t\t\t\t\t                        <\/div>\n                    <\/div>\n\t\t\t\t\t\n                    <div class=\"col-lg-4 col-md-12 col-sm-12 sidebar-side\">\n                        <div class=\"department-sidebar\">\n                                                    <\/div>\n                    <\/div>\n                <\/div>\n            <\/div>\n        <\/section>\n        <!-- department-details end -->\n\n        \t\t<\/div>\n\t\t\t\t<\/div>\n\t\t\t\t\t<\/div>\n\t\t<\/div>\n\t\t\t\t\t<\/div>\n\t\t<\/section>\n\t\t\t\t<\/div>\n\t\t","protected":false},"excerpt":{"rendered":"<p>A\u00f1ua A\u00f1ua oharkabean pasa liteke eskualdeko errepide batean dagoenez, baina denborak eraikin ederrak utzi ditu bere muinean: Erdi Aroko Tenplua Andre Mariaren Jaiotzari eskainia (XIII. mendea), Santa Lutziaren ermita, Lazkanoren [&hellip;]<\/p>\n","protected":false},"author":3,"featured_media":0,"parent":0,"menu_order":0,"comment_status":"closed","ping_status":"closed","template":"tpl-default-elementor.php","meta":{"_monsterinsights_skip_tracking":false,"_monsterinsights_sitenote_active":false,"_monsterinsights_sitenote_note":"","_monsterinsights_sitenote_category":0,"footnotes":""},"class_list":["post-3233","page","type-page","status-publish","hentry"],"_links":{"self":[{"href":"https:\/\/elburgo-burgelu.eus\/eu\/wp-json\/wp\/v2\/pages\/3233","targetHints":{"allow":["GET"]}}],"collection":[{"href":"https:\/\/elburgo-burgelu.eus\/eu\/wp-json\/wp\/v2\/pages"}],"about":[{"href":"https:\/\/elburgo-burgelu.eus\/eu\/wp-json\/wp\/v2\/types\/page"}],"author":[{"embeddable":true,"href":"https:\/\/elburgo-burgelu.eus\/eu\/wp-json\/wp\/v2\/users\/3"}],"replies":[{"embeddable":true,"href":"https:\/\/elburgo-burgelu.eus\/eu\/wp-json\/wp\/v2\/comments?post=3233"}],"version-history":[{"count":4,"href":"https:\/\/elburgo-burgelu.eus\/eu\/wp-json\/wp\/v2\/pages\/3233\/revisions"}],"predecessor-version":[{"id":3352,"href":"https:\/\/elburgo-burgelu.eus\/eu\/wp-json\/wp\/v2\/pages\/3233\/revisions\/3352"}],"wp:attachment":[{"href":"https:\/\/elburgo-burgelu.eus\/eu\/wp-json\/wp\/v2\/media?parent=3233"}],"curies":[{"name":"wp","href":"https:\/\/api.w.org\/{rel}","templated":true}]}}

Añua

<div data-elementor-type="wp-page" data-elementor-id="3233" class="elementor elementor-3233 elementor-2143" data-elementor-post-type="page">
						<section class="elementor-section elementor-top-section elementor-element elementor-element-0cc7ee8 elementor-section-full_width elementor-section-height-default elementor-section-height-default" data-id="0cc7ee8" data-element_type="section">
						<div class="elementor-container elementor-column-gap-default">
					<div class="elementor-column elementor-col-100 elementor-top-column elementor-element elementor-element-46244cf" data-id="46244cf" data-element_type="column">
			<div class="elementor-widget-wrap elementor-element-populated">
						<div class="elementor-element elementor-element-836e649 elementor-widget elementor-widget-whitehall_department_details" data-id="836e649" data-element_type="widget" data-widget_type="whitehall_department_details.default">
				<div class="elementor-widget-container">
			        
        <!-- department-details -->
        <section class="department-details bg-color-1 sec-pad-2">
            <div class="auto-container">
                <div class="row clearfix">
                    <div class="col-lg-8 col-md-12 col-sm-12 content-side">
                        <div class="department-details-content">
							                            <div class="upper-image">
                                <figure class="image"><img decoding="async" src="https://elburgo-burgelu.eus/wp-content/uploads/2024/06/05-02-09_0001.jpg" alt="Awesome Image"></figure>
                            </div>
														
                            <div class="text">
                                <h3>Añua</h3>
                                <p>Añua oharkabean pasa liteke eskualdeko errepide batean dagoenez, baina denborak eraikin ederrak utzi ditu bere muinean: Erdi Aroko Tenplua Andre Mariaren Jaiotzari eskainia (XIII. mendea), Santa Lutziaren ermita, Lazkanoren Etxea (XIII. mendea) . XVII) familiaren armarriarekin......<br><br>

Añua herria 564 m-ko altueran dago. Jaiotza eliza erromaniko zaharberritua (XIII. mendea) harlanduzko harria nabarmentzen da, erromesek oso ibiltzen dena; Begibakar zubi erromaniko bat zeharkatuz sartzen da.<br><br>

Oinplanoa koruarekin osatzen den bi atal dituen nabea da, presbiterioz eta absidez osatua. Iparraldeko eremuan kapera eta sakristia daude, gaur egun konektaturiko espazioak. Hegoaldean sarbide ataria eta dorrea daude. Edertasun handikoa da XIII. mendeko lau zortzidun eta leiho dituen absidea, erromanikotik gotikorako trantsizioa ikusiz, eta horri arku zorrotzeko leiho eta leiho erromanikoen errepertorio bitxia gehitzen zaio. Motibo apaingarriak askotarikoak dira: landareak, animaliak, gizakiak, monasterioak eta fantastikoak, eta horrek asko aberasten du arkitektura.<br><br>

Tenpluaren gainontzeko gorputza Errenazimentuan (Sabih) eraiki zen, erdiko atala eraikita, koruaren bikoitza, eta azken honek oin eremuan, biek ganga nabarmenak dituzte eta haien hormak birjinekin grisaillazko margolanak ageri dira. , itxura errealista duten apostoluak eta santuak. Fatxada XV. mendekoa da eta Otazu-Gebara (edo San Sebastian) ermita XVI. mendekoa, sakristiako espazio zaharra XVII. mendekoa da, dorrea XVI eta XVI . Koruaren barnealdean zaharberritzearen ondoren agerian geratu diren Erdi Aroko margolanen aztarnak gordetzen dira: erretaula nagusia alboko kapera eraman zutenean. Interesgarriak dira, halaber, bataio-pilota, giltzak, hainbat irudi solte eta erretaulak. Erretaula nagusia XVII.mendeko lehen barrokokoa da eta bertako kaleetan San Juanen sagrarioa (beheko gorputza) nantzen irudiak daude kokatuta; San Joakin, Ama Birjina (erdiko tenpluaren burua) eta San Jose (bigarren gorputza), eta Santo Domingo, Kalbarioa eta San Frantzisko (gorputz goikoa). Alboko erretaulak ere, gaur elizaren oinean, XVII. mendekoak dira baina beren langintza barrokoaren soiltasunarekin bat dator eta Errosarioko Ama Birjinari eta Santa Katalinari eskainiak daude. Azkenik, XVI.mendeko obra interesgarri bat Donostiako triptikoa da (gaur egun lehen zegoen kaperaren kanpoaldean, erretaula nagusia bertan sartu zenean). Altzari honek San Sebastianen taila on bat eta santuarekin lotutako lau koadro ditu ateetan.<br><br>

Herrian interes arkitektonikoko hainbat jauregi daude, batzuk mural estilo tradizionalekoak eta beste batzuk XVI. Errota ere badago.<br><br>


</p>
                            </div>
							
							                            <div class="discription-box centred">
                                <div class="two-column-carousel owl-carousel owl-theme owl-nav-none">
                                    									<div class="single-item">
                                        <div class="inner-box">
                                            <figure class="image-box"><img decoding="async" src="https://elburgo-burgelu.eus/wp-content/uploads/2024/06/escudoelburgo-1.png" alt="Awesome Image"></figure>
                                            <h5>HORARIO ATENCIÓN AL PÚBLICO<BR>Lunes a Viernes de 8:30 a 14:30h.</h5>
                                        </div>
                                        <div class="overlay-content">
                                            <figure class="image-box"><img decoding="async" src="https://elburgo-burgelu.eus/wp-content/uploads/2024/06/escudoelburgo-1.png" alt="Awesome Image"></figure>
                                            <p>Lunes a Viernes de 8:30 a 14:30h.</p>
                                        </div>
                                    </div>
                                    									<div class="single-item">
                                        <div class="inner-box">
                                            <figure class="image-box"><img decoding="async" src="https://elburgo-burgelu.eus/wp-content/uploads/2024/06/escudoelburgo-1.png" alt="Awesome Image"></figure>
                                            <h5>CONTACTO TELEFÓNICO<BR>945 42 07 13</h5>
                                        </div>
                                        <div class="overlay-content">
                                            <figure class="image-box"><img decoding="async" src="https://elburgo-burgelu.eus/wp-content/uploads/2024/06/escudoelburgo-1.png" alt="Awesome Image"></figure>
                                            <p>945 42 07 13</p>
                                        </div>
                                    </div>
                                                                    </div>
                            </div>
														
							                            <div class="highlights-box">
                                <div class="single-item-carousel owl-carousel owl-theme owl-dots-none">
                                                                        <div class="row clearfix">
                                        <div class="col-lg-6 col-md-6 col-sm-12 image-column">
                                            <div class="image-box">
                                                <figure class="image"><img decoding="async" src="https://elburgo-burgelu.eus/wp-content/uploads/2021/06/highlights-1.png" alt="Awesome Image"></figure>
                                                <div class="icon-box"><i class="icon flaticon-map"></i></div>
                                            </div>
                                        </div>
                                        <div class="col-lg-6 col-md-6 col-sm-12 text-column">
                                            <div class="text">
                                                <h3>Nuestros pueblos</h3>
                                                <p></p>
												
												                                                <ul class="list clearfix">
													                                                    <li><i class="flaticon-bird"></i>Argómaniz</li>
													                                                    <li><i class="flaticon-bird"></i>Gazeta</li>
													                                                    <li><i class="flaticon-bird"></i>Hijona</li>
													                                                    <li><i class="flaticon-bird"></i>Azúa</li>
													                                                    <li><i class="flaticon-bird"></i>Añua</li>
													                                                    <li><i class="flaticon-bird"></i>Arbulu</li>
													                                                    <li><i class="flaticon-bird"></i>Elburgo</li>
													                                                </ul>
																								
												                                                <a href="#">Conocer nuestros pueblos<i class="flaticon-right-arrow"></i></a>
												                                            </div>
                                        </div>
                                    </div>
                                                                        <div class="row clearfix">
                                        <div class="col-lg-6 col-md-6 col-sm-12 image-column">
                                            <div class="image-box">
                                                <figure class="image"><img decoding="async" src="https://elburgo-burgelu.eus/wp-content/uploads/2021/06/highlights-1.png" alt="Awesome Image"></figure>
                                                <div class="icon-box"><i class="icon flaticon-bridge"></i></div>
                                            </div>
                                        </div>
                                        <div class="col-lg-6 col-md-6 col-sm-12 text-column">
                                            <div class="text">
                                                <h3>Patrimonio</h3>
                                                <p>En nuestros núcleos contamos con bellos edificios cuya historia y arquitectura son dignos de reseñar.</p>
												
																								
												                                                <a href="#">nuestro patrimonio<i class="flaticon-right-arrow"></i></a>
												                                            </div>
                                        </div>
                                    </div>
                                                                        <div class="row clearfix">
                                        <div class="col-lg-6 col-md-6 col-sm-12 image-column">
                                            <div class="image-box">
                                                <figure class="image"><img decoding="async" src="https://elburgo-burgelu.eus/wp-content/uploads/2021/06/highlights-1.png" alt="Awesome Image"></figure>
                                                <div class="icon-box"><i class="fa fa-city"></i></div>
                                            </div>
                                        </div>
                                        <div class="col-lg-6 col-md-6 col-sm-12 text-column">
                                            <div class="text">
                                                <h3>Edificios con historia</h3>
                                                <p>Todo aquello por lo que el tiempo pasa, genera su propia historia. Paseando por nuestro municipio podemos ver que la historia también a nosotros nos ha dejado su firma. Tenemos edificios civiles y religiosos, pero también existen restos de lo que antes fue algo de valor e importancia para el que vivió en aquella época y que nos ayuda a conocer mejor el entorno en el que vivimos.</p>
												
																								
												                                                <a href="#">nuestra historia<i class="flaticon-right-arrow"></i></a>
												                                            </div>
                                        </div>
                                    </div>
                                                                    </div>
                            </div>
														
							                            <div class="download-box">
                                <h3>Deskargatu</h3>
                                <ul class="download-list clearfix">
                                    									<li>
                                        <div class="icon-box"><img decoding="async" src="https://elburgo-burgelu.eus/wp-content/uploads/2021/05/icon-1.png" alt="Icon"></div>
                                        <h5>Añuako eraikin zibilak</h5>
                                        <span>pdf (14 mb)</span>
										
										                                        <a href="https://elburgo-burgelu.eus/wp-content/uploads/2024/06/edificios_civiles_-_anua.pdf">Deskargatu</a>
										                                    </li>
                                                                    </ul>
                            </div>
							                        </div>
                    </div>
					
                    <div class="col-lg-4 col-md-12 col-sm-12 sidebar-side">
                        <div class="department-sidebar">
                                                    </div>
                    </div>
                </div>
            </div>
        </section>
        <!-- department-details end -->

        		</div>
				</div>
					</div>
		</div>
					</div>
		</section>
				</div>

<p>Añua Añua oharkabean pasa liteke eskualdeko errepide batean dagoenez, baina denborak eraikin ederrak utzi ditu bere muinean: Erdi Aroko Tenplua Andre Mariaren Jaiotzari eskainia (XIII. mendea), Santa Lutziaren ermita, Lazkanoren [&hellip;]</p>
